{"id":279,"date":"2022-07-03T11:38:53","date_gmt":"2022-07-03T09:38:53","guid":{"rendered":"https:\/\/www.artemid.fr\/?page_id=279"},"modified":"2024-11-07T15:19:33","modified_gmt":"2024-11-07T14:19:33","slug":"accompagnement-du-createur-dentreprise","status":"publish","type":"page","link":"https:\/\/www.artemid.fr\/?page_id=279","title":{"rendered":"Accompagnement du cr\u00e9ateur d&rsquo;entreprise"},"content":{"rendered":"\t\t<div data-elementor-type=\"wp-page\" data-elementor-id=\"279\" class=\"elementor elementor-279\" data-elementor-post-type=\"page\">\n\t\t\t\t\t\t<section class=\"elementor-section elementor-top-section elementor-element elementor-element-4b4f7be1 elementor-section-boxed elementor-section-height-default elementor-section-height-default\" data-id=\"4b4f7be1\" data-element_type=\"section\" data-e-type=\"section\">\n\t\t\t\t\t\t<div class=\"elementor-container elementor-column-gap-default\">\n\t\t\t\t\t<div class=\"elementor-column elementor-col-100 elementor-top-column elementor-element elementor-element-7141d0e6\" data-id=\"7141d0e6\" data-element_type=\"column\" data-e-type=\"column\">\n\t\t\t<div class=\"elementor-widget-wrap elementor-element-populated\">\n\t\t\t\t\t\t<div class=\"elementor-element elementor-element-8d9ef74 elementor-widget elementor-widget-spacer\" data-id=\"8d9ef74\" data-element_type=\"widget\" data-e-type=\"widget\" data-widget_type=\"spacer.default\">\n\t\t\t\t<div class=\"elementor-widget-container\">\n\t\t\t\t\t\t\t<div class=\"elementor-spacer\">\n\t\t\t<div class=\"elementor-spacer-inner\"><\/div>\n\t\t<\/div>\n\t\t\t\t\t\t<\/div>\n\t\t\t\t<\/div>\n\t\t\t\t\t<\/div>\n\t\t<\/div>\n\t\t\t\t\t<\/div>\n\t\t<\/section>\n\t\t\t\t<section class=\"elementor-section elementor-top-section elementor-element elementor-element-432cb1ff elementor-section-height-full elementor-section-boxed elementor-section-height-default elementor-section-items-middle\" data-id=\"432cb1ff\" data-element_type=\"section\" data-e-type=\"section\">\n\t\t\t\t\t\t\t<div class=\"elementor-background-overlay\"><\/div>\n\t\t\t\t\t\t\t<div class=\"elementor-container elementor-column-gap-default\">\n\t\t\t\t\t<div class=\"elementor-column elementor-col-100 elementor-top-column elementor-element elementor-element-6c07d9b3\" data-id=\"6c07d9b3\" data-element_type=\"column\" data-e-type=\"column\">\n\t\t\t<div class=\"elementor-widget-wrap elementor-element-populated\">\n\t\t\t\t\t\t<div class=\"elementor-element elementor-element-4d358642 elementor-widget elementor-widget-heading\" data-id=\"4d358642\" data-element_type=\"widget\" data-e-type=\"widget\" data-widget_type=\"heading.default\">\n\t\t\t\t<div class=\"elementor-widget-container\">\n\t\t\t\t\t<h2 class=\"elementor-heading-title elementor-size-default\">Accompagnement du cr\u00e9ateur d'entreprise<\/h2>\t\t\t\t<\/div>\n\t\t\t\t<\/div>\n\t\t\t\t<div class=\"elementor-element elementor-element-4bfe88bc elementor-widget elementor-widget-spacer\" data-id=\"4bfe88bc\" data-element_type=\"widget\" data-e-type=\"widget\" data-widget_type=\"spacer.default\">\n\t\t\t\t<div class=\"elementor-widget-container\">\n\t\t\t\t\t\t\t<div class=\"elementor-spacer\">\n\t\t\t<div class=\"elementor-spacer-inner\"><\/div>\n\t\t<\/div>\n\t\t\t\t\t\t<\/div>\n\t\t\t\t<\/div>\n\t\t\t\t<div class=\"elementor-element elementor-element-3209c8fd elementor-widget elementor-widget-text-editor\" data-id=\"3209c8fd\" data-element_type=\"widget\" data-e-type=\"widget\" data-widget_type=\"text-editor.default\">\n\t\t\t\t<div class=\"elementor-widget-container\">\n\t\t\t\t\t\t\t\t\t<p>Etre bien accompagn\u00e9 dans le cadre d\u2019une cr\u00e9ation ou une reprise de soci\u00e9t\u00e9 est fondamental afin de ma\u00eetriser les risques et cadrer les dimensions financi\u00e8res, sociales, juridiques, \u00e9conomiques \u2026<\/p><p>Pour cela, ARTEMID vous accompagne tout au long de votre projet, pour vous conseiller \u00e0 travers les diff\u00e9rentes \u00e9tapes strat\u00e9giques et inh\u00e9rentes \u00e0 la cr\u00e9ation d\u2019une entreprise.<\/p><p>Nos prestations\u00a0 :<\/p><ul><li>Etablissement du Business plan<\/li><li>Cr\u00e9ation de la soci\u00e9t\u00e9 et choix du statut social du dirigeant<\/li><li>Accompagnement dans le financement<\/li><li>Audit d\u2019acquisition de la cible<\/li><li>Mise en place des outils de pilotage<\/li><li>Mise en place de l\u2019externalisation comptable<\/li><li>Paie et ressources humaines<\/li><\/ul><p>\u00a0<\/p>\t\t\t\t\t\t\t\t<\/div>\n\t\t\t\t<\/div>\n\t\t\t\t\t<\/div>\n\t\t<\/div>\n\t\t\t\t\t<\/div>\n\t\t<\/section>\n\t\t\t\t<section class=\"elementor-section elementor-top-section elementor-element elementor-element-616229ac elementor-section-boxed elementor-section-height-default elementor-section-height-default\" data-id=\"616229ac\" data-element_type=\"section\" data-e-type=\"section\">\n\t\t\t\t\t\t<div class=\"elementor-container elementor-column-gap-default\">\n\t\t\t\t\t<div class=\"elementor-column elementor-col-100 elementor-top-column elementor-element elementor-element-7a5264c1\" data-id=\"7a5264c1\" data-element_type=\"column\" data-e-type=\"column\">\n\t\t\t<div class=\"elementor-widget-wrap elementor-element-populated\">\n\t\t\t\t\t\t<div class=\"elementor-element elementor-element-29b0924c elementor-widget elementor-widget-spacer\" data-id=\"29b0924c\" data-element_type=\"widget\" data-e-type=\"widget\" data-widget_type=\"spacer.default\">\n\t\t\t\t<div class=\"elementor-widget-container\">\n\t\t\t\t\t\t\t<div class=\"elementor-spacer\">\n\t\t\t<div class=\"elementor-spacer-inner\"><\/div>\n\t\t<\/div>\n\t\t\t\t\t\t<\/div>\n\t\t\t\t<\/div>\n\t\t\t\t\t<\/div>\n\t\t<\/div>\n\t\t\t\t\t<\/div>\n\t\t<\/section>\n\t\t\t\t<\/div>\n\t\t","protected":false},"excerpt":{"rendered":"<p>Accompagnement du cr\u00e9ateur d&rsquo;entreprise Etre bien accompagn\u00e9 dans le cadre d\u2019une cr\u00e9ation ou une reprise de soci\u00e9t\u00e9 est fondamental afin de ma\u00eetriser les risques et cadrer les dimensions financi\u00e8res, sociales, juridiques, \u00e9conomiques \u2026 Pour cela, ARTEMID vous accompagne tout au long de votre projet, pour vous conseiller \u00e0 travers les diff\u00e9rentes \u00e9tapes strat\u00e9giques et inh\u00e9rentes [&hellip;]<\/p>\n","protected":false},"author":2,"featured_media":0,"parent":0,"menu_order":0,"comment_status":"closed","ping_status":"closed","template":"elementor_header_footer","meta":{"footnotes":""},"class_list":["post-279","page","type-page","status-publish","hentry"],"_links":{"self":[{"href":"https:\/\/www.artemid.fr\/index.php?rest_route=\/wp\/v2\/pages\/279","targetHints":{"allow":["GET"]}}],"collection":[{"href":"https:\/\/www.artemid.fr\/index.php?rest_route=\/wp\/v2\/pages"}],"about":[{"href":"https:\/\/www.artemid.fr\/index.php?rest_route=\/wp\/v2\/types\/page"}],"author":[{"embeddable":true,"href":"https:\/\/www.artemid.fr\/index.php?rest_route=\/wp\/v2\/users\/2"}],"replies":[{"embeddable":true,"href":"https:\/\/www.artemid.fr\/index.php?rest_route=%2Fwp%2Fv2%2Fcomments&post=279"}],"version-history":[{"count":19,"href":"https:\/\/www.artemid.fr\/index.php?rest_route=\/wp\/v2\/pages\/279\/revisions"}],"predecessor-version":[{"id":1012,"href":"https:\/\/www.artemid.fr\/index.php?rest_route=\/wp\/v2\/pages\/279\/revisions\/1012"}],"wp:attachment":[{"href":"https:\/\/www.artemid.fr\/index.php?rest_route=%2Fwp%2Fv2%2Fmedia&parent=279"}],"curies":[{"name":"wp","href":"https:\/\/api.w.org\/{rel}","templated":true}]}}