{"id":274,"date":"2022-07-03T11:45:07","date_gmt":"2022-07-03T09:45:07","guid":{"rendered":"https:\/\/www.artemid.fr\/?page_id=274"},"modified":"2024-11-07T15:18:32","modified_gmt":"2024-11-07T14:18:32","slug":"conseil-et-organisation","status":"publish","type":"page","link":"https:\/\/www.artemid.fr\/?page_id=274","title":{"rendered":"Conseil et organisation"},"content":{"rendered":"\t\t<div data-elementor-type=\"wp-page\" data-elementor-id=\"274\" class=\"elementor elementor-274\" data-elementor-post-type=\"page\">\n\t\t\t\t\t\t<section class=\"elementor-section elementor-top-section elementor-element elementor-element-48df22f5 elementor-section-boxed elementor-section-height-default elementor-section-height-default\" data-id=\"48df22f5\" data-element_type=\"section\" data-e-type=\"section\">\n\t\t\t\t\t\t<div class=\"elementor-container elementor-column-gap-default\">\n\t\t\t\t\t<div class=\"elementor-column elementor-col-100 elementor-top-column elementor-element elementor-element-577e15d0\" data-id=\"577e15d0\" data-element_type=\"column\" data-e-type=\"column\">\n\t\t\t<div class=\"elementor-widget-wrap elementor-element-populated\">\n\t\t\t\t\t\t<div class=\"elementor-element elementor-element-4bd319b2 elementor-widget elementor-widget-spacer\" data-id=\"4bd319b2\" data-element_type=\"widget\" data-e-type=\"widget\" data-widget_type=\"spacer.default\">\n\t\t\t\t<div class=\"elementor-widget-container\">\n\t\t\t\t\t\t\t<div class=\"elementor-spacer\">\n\t\t\t<div class=\"elementor-spacer-inner\"><\/div>\n\t\t<\/div>\n\t\t\t\t\t\t<\/div>\n\t\t\t\t<\/div>\n\t\t\t\t\t<\/div>\n\t\t<\/div>\n\t\t\t\t\t<\/div>\n\t\t<\/section>\n\t\t\t\t<section class=\"elementor-section elementor-top-section elementor-element elementor-element-6cbe9e34 elementor-section-height-full elementor-section-boxed elementor-section-height-default elementor-section-items-middle\" data-id=\"6cbe9e34\" data-element_type=\"section\" data-e-type=\"section\">\n\t\t\t\t\t\t\t<div class=\"elementor-background-overlay\"><\/div>\n\t\t\t\t\t\t\t<div class=\"elementor-container elementor-column-gap-default\">\n\t\t\t\t\t<div class=\"elementor-column elementor-col-100 elementor-top-column elementor-element elementor-element-7cb84200\" data-id=\"7cb84200\" data-element_type=\"column\" data-e-type=\"column\">\n\t\t\t<div class=\"elementor-widget-wrap elementor-element-populated\">\n\t\t\t\t\t\t<div class=\"elementor-element elementor-element-a29589 elementor-widget elementor-widget-heading\" data-id=\"a29589\" data-element_type=\"widget\" data-e-type=\"widget\" data-widget_type=\"heading.default\">\n\t\t\t\t<div class=\"elementor-widget-container\">\n\t\t\t\t\t<h2 class=\"elementor-heading-title elementor-size-default\">Conseil et organisation<\/h2>\t\t\t\t<\/div>\n\t\t\t\t<\/div>\n\t\t\t\t<div class=\"elementor-element elementor-element-3fa48b02 elementor-widget elementor-widget-spacer\" data-id=\"3fa48b02\" data-element_type=\"widget\" data-e-type=\"widget\" data-widget_type=\"spacer.default\">\n\t\t\t\t<div class=\"elementor-widget-container\">\n\t\t\t\t\t\t\t<div class=\"elementor-spacer\">\n\t\t\t<div class=\"elementor-spacer-inner\"><\/div>\n\t\t<\/div>\n\t\t\t\t\t\t<\/div>\n\t\t\t\t<\/div>\n\t\t\t\t<div class=\"elementor-element elementor-element-3694dc elementor-widget elementor-widget-text-editor\" data-id=\"3694dc\" data-element_type=\"widget\" data-e-type=\"widget\" data-widget_type=\"text-editor.default\">\n\t\t\t\t<div class=\"elementor-widget-container\">\n\t\t\t\t\t\t\t\t\t<p>Notre connaissance en comptabilit\u00e9 et finance nous place comme un v\u00e9ritable conseiller aupr\u00e8s des organisations.<\/p><p>Nous proposons de mettre en place les outils de pilotage et d\u2019analyse n\u00e9cessaires \u00e0 la prise de d\u00e9cision. Vous pourrez ainsi suivre mensuellement les tableaux de bord des \u00e9l\u00e9ments cl\u00e9s de votre entreprise et orienter les directions strat\u00e9giques, identifier les placements n\u00e9cessaires ou s\u00e9curiser des fonds.<\/p><p><span style=\"text-decoration: underline;\"><b>Reporting<\/b><\/span><\/p><p>Nos \u00e9quipes s\u2019engagent \u00e0 vous fournir une information pertinente, facile \u00e0 analyser et disponible pour vous permettre de g\u00e9rer au mieux votre entreprise et d&rsquo;am\u00e9liorer vos r\u00e9sultats selon les formats requis par l\u2019entreprise. Nous mettons en \u0153uvre r\u00e9guli\u00e8rement cet expertise pour le compte de filiale de client \u00e9tranger.<\/p><p><span style=\"text-decoration: underline;\"><b>Contr\u00f4le <\/b><b>de gestion <\/b><\/span><\/p><p>Parce que pouvoir mesurer et suivre les performances de son entreprise est un enjeu crucial, nous proposons de vous assister dans la mise en place d&rsquo;outils d&rsquo;aide \u00e0 la d\u00e9cision\u00a0:<\/p><ul><li>Elaboration de budgets, plan de d\u00e9veloppement,<\/li><li>Mise en place d&rsquo;une comptabilit\u00e9 analytique,<\/li><li>Mise en place des proc\u00e9dures administratives et comptables.<\/li><\/ul>\t\t\t\t\t\t\t\t<\/div>\n\t\t\t\t<\/div>\n\t\t\t\t\t<\/div>\n\t\t<\/div>\n\t\t\t\t\t<\/div>\n\t\t<\/section>\n\t\t\t\t<section class=\"elementor-section elementor-top-section elementor-element elementor-element-4edcd4ba elementor-section-boxed elementor-section-height-default elementor-section-height-default\" data-id=\"4edcd4ba\" data-element_type=\"section\" data-e-type=\"section\">\n\t\t\t\t\t\t<div class=\"elementor-container elementor-column-gap-default\">\n\t\t\t\t\t<div class=\"elementor-column elementor-col-100 elementor-top-column elementor-element elementor-element-3063a8bd\" data-id=\"3063a8bd\" data-element_type=\"column\" data-e-type=\"column\">\n\t\t\t<div class=\"elementor-widget-wrap elementor-element-populated\">\n\t\t\t\t\t\t<div class=\"elementor-element elementor-element-6350203b elementor-widget elementor-widget-spacer\" data-id=\"6350203b\" data-element_type=\"widget\" data-e-type=\"widget\" data-widget_type=\"spacer.default\">\n\t\t\t\t<div class=\"elementor-widget-container\">\n\t\t\t\t\t\t\t<div class=\"elementor-spacer\">\n\t\t\t<div class=\"elementor-spacer-inner\"><\/div>\n\t\t<\/div>\n\t\t\t\t\t\t<\/div>\n\t\t\t\t<\/div>\n\t\t\t\t\t<\/div>\n\t\t<\/div>\n\t\t\t\t\t<\/div>\n\t\t<\/section>\n\t\t\t\t<\/div>\n\t\t","protected":false},"excerpt":{"rendered":"<p>Conseil et organisation Notre connaissance en comptabilit\u00e9 et finance nous place comme un v\u00e9ritable conseiller aupr\u00e8s des organisations. Nous proposons de mettre en place les outils de pilotage et d\u2019analyse n\u00e9cessaires \u00e0 la prise de d\u00e9cision. Vous pourrez ainsi suivre mensuellement les tableaux de bord des \u00e9l\u00e9ments cl\u00e9s de votre entreprise et orienter les directions [&hellip;]<\/p>\n","protected":false},"author":2,"featured_media":0,"parent":0,"menu_order":0,"comment_status":"closed","ping_status":"closed","template":"elementor_header_footer","meta":{"footnotes":""},"class_list":["post-274","page","type-page","status-publish","hentry"],"_links":{"self":[{"href":"https:\/\/www.artemid.fr\/index.php?rest_route=\/wp\/v2\/pages\/274","targetHints":{"allow":["GET"]}}],"collection":[{"href":"https:\/\/www.artemid.fr\/index.php?rest_route=\/wp\/v2\/pages"}],"about":[{"href":"https:\/\/www.artemid.fr\/index.php?rest_route=\/wp\/v2\/types\/page"}],"author":[{"embeddable":true,"href":"https:\/\/www.artemid.fr\/index.php?rest_route=\/wp\/v2\/users\/2"}],"replies":[{"embeddable":true,"href":"https:\/\/www.artemid.fr\/index.php?rest_route=%2Fwp%2Fv2%2Fcomments&post=274"}],"version-history":[{"count":20,"href":"https:\/\/www.artemid.fr\/index.php?rest_route=\/wp\/v2\/pages\/274\/revisions"}],"predecessor-version":[{"id":1009,"href":"https:\/\/www.artemid.fr\/index.php?rest_route=\/wp\/v2\/pages\/274\/revisions\/1009"}],"wp:attachment":[{"href":"https:\/\/www.artemid.fr\/index.php?rest_route=%2Fwp%2Fv2%2Fmedia&parent=274"}],"curies":[{"name":"wp","href":"https:\/\/api.w.org\/{rel}","templated":true}]}}